*3 - 58*t**2 + 55*t - 6. Calculate o(-30).
144
Let f(y) = y**3 + 28*y**2 + 169*y + 16. What is f(-9)?
34
Let w(s) = -101*s**2 - 5*s + 4. What is w(1)?
-102
Let i(h) = 426*h - 2558. Give i(6).
-2
Let a(g) = 32*g - 2260. Give a(60).
-340
Let y(d) = -2*d**2 + 47*d - 5. Calculate y(-7).
-432
Let v(d) = 37*d + 218. Give v(-6).
-4
Let h(c) = -c**3 - 35*c**2 - 160*c + 104. Give h(-29).
-302
Let g(x) = 16*x - 106. What is g(10)?
54
Let o(j) = -84*j + 1105. Give o(13).
13
Let s(n) = -11*n + 121. Determine s(6).
55
Let b(r) = r + 143. What is b(39)?
182
Let p(w) = 18*w + 24. What is p(7)?
150
Let q(i) = 82*i - 585. What is q(7)?
-11
Let w(j) = -13828*j + 41482. Determine w(3).
-2
Let d(h) = -9*h**3 - 13*h**2 - 5*h + 31. Give d(3).
-344
Let n(c) = -15*c - 242. Calculate n(-14).
-32
Let b(x) = 2*x**3 + 29*x**2 - 10*x + 47. Give b(-15).
-28
Let d(j) = 1493*j - 13440. Determine d(9).
-3
Let b(q) = -3*q**2 + 131*q + 510. What is b(-4)?
-62
Let z(i) = -4*i**3 - 93*i**2 - 33*i - 223. Give z(-23).
7
Let n(a) = 12*a**2 + 360*a - 19. Calculate n(-30).
-19
Let a(r) = r**2 + 20*r + 53. Calculate a(-5).
-22
Let d(i) = i**3 + i**2 + 18*i + 59. What is d(-3)?
-13
Let z(d) = 310*d - 35649. Give z(115).
1
Let p(j) = 29*j - 2112. Determine p(78).
150
Let j(s) = -178*s + 2822. Give j(16).
-26
Let c(u) = 578*u - 1059. Give c(2).
97
Let s(a) = -2*a**2 + 82*a + 3100. Give s(-24).
-20
Let q(r) = 4*r**3 + 230*r**2 + 115*r + 61. Determine q(-57).
4
Let w(s) = 747*s + 5248. Calculate w(-7).
19
Let v(j) = 8*j + 53. What is v(-7)?
-3
Let g(a) = a**3 + a**2 + a - 70. Give g(7).
329
Let y(p) = p**2 - 5*p. Calculate y(10).
50
Let a(t) = -t**2 - 1324*t - 6621. What is a(-5)?
-26
Let s(v) = -30*v - 452. Determine s(-15).
-2
Let q(r) = r**3 + 18*r**2 - 106*r - 63. Determine q(-23).
-270
Let f(x) = -13*x + 289. Give f(27).
-62
Let t(i) = -522*i - 2102. Determine t(-4).
-14
Let v(j) = j**3 - 11*j**2 + 5*j + 97. What is v(9)?
-20
Let i(k) = -k**3 - 137*k**2 + 213*k - 9049. Calculate i(-139).
-14
Let c(w) = -1218*w - 47496. Give c(-39).
6
Let a(w) = -3*w**2 - 25*w - 86. Determine a(-7).
-58
Let k(d) = -d**3 - 18*d**2 - 61*d + 19. Give k(-14).
89
Let q(i) = -2*i**2 + 181*i - 731. Determine q(4).
-39
Let u(d) = -8*d + 705. Give u(85).
25
Let x(g) = 510*g + 487. What is x(-1)?
-23
Let s(t) = -3*t**3 - 62*t**2 + 12*t - 132. Calculate s(-21).
57
Let g(q) = 5*q**2 + 295*q + 3693. Calculate g(-18).
3
Let o(l) = l**3 - 9*l**2 - 36*l - 18. Calculate o(12).
-18
Let n(p) = 237*p - 5697. Determine n(24).
-9
Let n(k) = -1740*k - 1747. Calculate n(-1).
-7
Let v(q) = q**2 - 96*q + 2050. Give v(64).
2
Let i(d) = -94*d**2 - 4*d - 2. Determine i(-1).
-92
Let h(p) = -p**3 + 8*p**2 + 24*p - 130. Determine h(9).
5
Let u(j) = -j**3 + 35*j**2 + 74*j + 15. Calculate u(37).
15
Let t(m) = -12*m**2 + 286*m + 41. Determine t(24).
-7
Let r(p) = p**2 + 7*p - 8. Determine r(-13).
70
Let b(c) = -458*c - 5051. What is b(-11)?
-13
Let b(a) = 19*a + 637. Determine b(-33).
10
Let o(p) = -1438*p + 44573. Calculate o(31).
-5
Let a(s) = -52*s + 751. Give a(11).
179
Let m(v) = v**3 + 5*v**2 + 2*v - 24. What is m(-4)?
-16
Let f(h) = -h**3 - 61*h**2 - 731*h + 290. Determine f(-17).
1
Let r(a) = 103*a - 6957. Give r(68).
47
Let q(a) = -a**3 - 73*a**2 - 212*a - 146. What is q(-70)?
-6
Let r(k) = -133*k**2 + 11836*k + 72. Give r(89).
-17
Let s(n) = -4*n**3 + 29*n**2 - 32*n + 98. Determine s(6).
86
Let b(j) = j**2 - 11*j + 227. Give b(14).
269
Let r(s) = -s**3 + 40*s**2 - 68*s - 284. What is r(38)?
20
Let q(w) = w**3 - 7*w**2 - 2*w + 8. What is q(6)?
-40
Let u(w) = -2*w**3 + 71*w**2 + 645*w - 28. What is u(43)?
-28
Let v(h) = -45*h + 363. Give v(8).
3
Let d(y) = -y**2 - 12*y + 239. Calculate d(-23).
-14
Let o(d) = 111*d - 363. Give o(4).
81
Let j(i) = 237*i - 112. Give j(2).
362
Let f(h) = -247*h + 15. Calculate f(-1).
262
Let j(f) = 252*f + 5029. Give j(-20).
-11
Let p(k) = -k**2 + 16*k + 19. Calculate p(-1).
2
Let b(l) = 1550*l - 1516. Determine b(1).
34
Let s(c) = 6*c**2 + 33*c - 1. Calculate s(-9).
188
Let c(y) = -y**3 + 2*y**2 + 2*y - 21. Determine c(5).
-86
Let c(k) = k**2 - 31*k - 1244. Give c(-25).
156
Let j(b) = -b**3 - 66*b**2 + 24*b + 5783. Calculate j(-65).
-2
Let h(p) = 2*p**3 + 68*p**2 - 144*p + 3. Determine h(-36).
3
Let z(s) = 9*s**2 + 217*s - 17. Determine z(-24).
-41
Let c(g) = -401*g - 7651. What is c(-19)?
-32
Let b(y) = y**3 - 8*y**2 + 44*y - 200. Give b(6).
-8
Let g(k) = 125*k + 2616. Give g(-21).
-9
Let k(q) = 2*q**3 + 15*q**2 + 57*q + 25. Determine k(-5).
-135
Let r(n) = -383*n + 4354. Calculate r(11).
141
Let f(y) = 7*y + 34. Calculate f(-27).
-155
Let i(c) = 153*c - 528. Give i(5).
237
Let a(v) = -2*v**3 + 15*v**2 + 3*v + 43. Calculate a(8).
3
Let n(j) = 2*j**3 + 21*j**2 + 14*j + 12. Calculate n(-10).
-28
Let d(g) = 3*g**3 + 43*g**2 - 31*g - 11. Determine d(-15).
4
Let g(y) = 2*y**2 - 14*y + 14. What is g(4)?
-10
Let j(x) = x**3 + 51*x**2 - 18*x + 1757. Calculate j(-52).
-11
Let j(o) = -o**2 + 189*o - 8820. Give j(84).
0
Let l(a) = -11*a**3 - 957*a**2 - 4*a - 349. What is l(-87)?
-1
Let l(r) = -14*r**2 + 167*r - 15. What is l(12)?
-27
Let q(s) = -8*s**2 - 108*s + 42. Give q(-14).
-14
Let b(m) = 2*m**3 + 19*m**2 - 19*m - 142. Calculate b(-10).
-52
Let b(w) = -124*w + 48. What is b(-2)?
296
Let j(s) = -s**3 - 17*s**2 - 3*s - 104. Give j(-17).
-53
Let z(y) = -y**3 + 12*y**2 - 17*y - 3. Determine z(8).
117
Let o(l) = -22*l + 899. Give o(41).
-3
Let k(q) = 3*q - 198. What is k(39)?
-81
Let p(b) = -298*b**2 + 30096*b + 197. Give p(101).
-5
Let u(l) = 229*l - 5312. What is u(23)?
-45
Let w(o) = 9*o**2 - 348*o - 113. Give w(39).
4
Let t(u) = -38*u**2 - 34*u. What is t(-1)?
-4
Let y(i) = -i**3 + 30*i**2 + 153*i - 591. Give y(34).
-13
Let p(w) = 833*w + 8328. Give p(-10).
-2
Let g(b) = 11*b**3 - 3*b**2 - 34*b + 33. Determine g(1).
7
Let m(a) = -a**3 - 36*a**2 + 3*a + 99. What is m(-36)?
-9
Let t(k) = 751*k - 9010. What is t(12)?
2
Let f(c) = -1863*c - 9. What is f(0)?
-9
Let m(c) = c**3 + 34*c**2 + 57*c - 70. Give m(-32).
154
Let o(n) = -38*n**3 - 3*n**2 + 38*n + 37. Give o(-1).
34
Let d(j) = j**2 + 114*j - 370. Determine d(3).
-19
Let h(k) = -17*k**3 + 2*k + 2. What is h(-2)?
134
Let m(l) = 63*l**2 - 343*l + 4. Determine m(6).
214
Let k(l) = l**3 - 5*l**2 - 199*l + 1250. Determine k(13).
15
Let g(c) = c**2 + 1257*c - 3779. Calculate g(3).
1
Let i(s) = -2*s - 54. Determine i(-25).
-4
Let o(b) = -37*b - 101. Calculate o(-5).
84
Let a(g) = 8*g**3 - 1949*g**2 - 739*g + 1706. Calculate a(244).
-2
Let l(a) = a**3 - a**2 - 48*a - 2. What is l(-6)?
34
Let w(h) = 405*h + 817. Calculate w(-2).
7
Let k(n) = -n**3 + n**2 - 9. Give k(-7).
383
Let f(j) = 46*j + 69. Calculate f(3).
207
Let y(w) = w. Determine y(18).
18
Let a(l) = -l**3 - 9*l**2 - 25*l - 67. Give a(-7).
10
Let b(h) = -h**2 + 22*h - 77. Determine b(6).
19
Let x(u) = 6*u**2 - 132*u + 3. Give x(21).
-123
Let r(t) = -3*t**2 + 14*t - 161. What is r(12)?
-425
Let u(w) = 132*w**2 + 2378*w - 34. What is u(-18)?
-70
Let t(i) = 2*i**2 + 37*i - 218. What is t(-24)?
46
Let z(y) = 2*y**3 + 11*y**2 + 12*y + 56. Calculate z(-7).
-175
Let q(r) = -756*r - 2277. Determine q(-3).
-9
Let a(t) = 603*t + 26533. Determine a(-44).
1
Let n(z) = z**3 - 43*z**2 + 157*z - 84. What is n(39)?
-45
Let o(p) = p**3 - p**2 - 50*p - 6. Calculate o(-9).
-366
Let o(q) = q**3 - 267*q**2 + 4003*q + 225. Determine o(16).
17
Let o(w) = -w**2 - 19*w - 81. What is o(-13)?
-3
Let q(o) = -289*o + 485. Give q(2).
-93
Let x(s) = s**2 - 23*s - 159. Determine x(-7).
51
Let n(m) = -m**3 - 9*m**2 - 45*m - 271. What is n(-5)?
-146
Let p(a) = -116*a - 433. Give p(-4).
31
Let q(n) = 92*n - 2222. Calculate q(24).
-14
Let p(b) = b**3 - 13*b**2 - 119*b + 1577. Calculate p(13).
30
Let u(m) = m**3 + 6*m**2 + 106*m + 605. What is u(-6)?
-31
Let y(o) = 22*o - 94. What is y(5)?
16
Let j(s) = -s**3 + 18*s**2 - 5*s + 93. What is j(18)?
3
Let f(m) = m**2 - 2*m - 35. Give f(0).
-35
Let t(i) = -i**3 + 27*i**2 - 63*i - 144. Calculate t(23).
523
Let c(p) = 39*p**3 + 3726*p**2 - 1726*p + 190. Determine c(-96).
-2
Let k(v) = -v**3 + 9*v**2 - 98*v + 475. Calculate k(6).
-5
Let a(c) = c**2 - 43*c + 160. What is a(41)?
78
Let i(r) = -3*r**3 - 28*r**2 + 14*r + 208. Give i(-9).
1
Let g(y) = -2*y**2 - 27*y - 199. Determine g(-11).
-144
Le